
2, 11, 59
Suppose 0 = 3*h - 2*h - r + 4, 2*r = 2. Let d be ((-9)/h)/((-4)/(-12)). Suppose -d*p + 355 = 22. List the prime factors of p.
37
What are the prime factors of -990*(-1190)/20 + (-2 - 5)?
2, 7, 601
Suppose 2*g - 105*p + 100*p - 11523 = 0, -g = -5*p - 5769. List the prime factors of g.
2, 3, 7, 137
Let a be 8/(-12)*3 - 10. Let u(g) be the third derivative of -g**5/60 - 7*g**4/12 + g**3/2 + g**2. List the prime factors of u(a).
3
Let u(g) = 6*g**3 + 9*g**2 - 9*g - 24. List the prime factors of u(9).
2, 3, 7, 17
Let m(x) = 3*x**2 + 10*x - 37. Let h be m(-15). Suppose -481 - h = -3*p. List the prime factors of p.
17, 19
Suppose -220*a + 3*m = -222*a + 11082, -4*a + 5*m = -22164. List the prime factors of a.
3, 1847
Suppose -59647 - 64119 - 102326 = -249*n. List the prime factors of n.
2, 227
Let r = 109 + -98. Suppose 4*h + 1024 = 3*f, -9*f = -r*f + 4*h + 684. What are the prime factors of f?
2, 5, 17
Suppose 3 = f - y, 4*y + 3 + 0 = f. Suppose 2*n + l + 1294 = f*n, 3*n = l + 3886. List the prime factors of n.
2, 3
Suppose -52*v + 8 = -50*v. Suppose v*x - 636 = -2*k, 0*x + 5*x = -k + 303. List the prime factors of k.
2, 41
Let h(g) = -233*g**3 + 19*g**2 + 86*g + 16. List the prime factors of h(-6).
2, 7, 11, 41
Let v(l) be the second derivative of 71*l**4/12 + 17*l**3/6 + 144*l + 2. List the prime factors of v(-3).
2, 3, 7
Let y(i) = 3*i**3 - 23*i**2 - 134*i - 16. What are the prime factors of y(25)?
2, 7, 2081
Suppose 165239 = 12*t - 5*z, 13774 = t - 13*z + 12*z. List the prime factors of t.
3, 13, 353
Suppose 90*i - 15242535 = -124*i - 17*i. List the prime factors of i.
3, 5, 53, 83
Let d(l) = -l**2 + 21*l + 17. Let k be d(17). Let r = 124 - k. Suppose 9 + r = 6*f. What are the prime factors of f?
2
Suppose -n + 63787 = -2*p, 3*n - 204*p + 209*p = 191405. What are the prime factors of n?
3, 5, 4253
Let j = -758 - -8227. What are the prime factors of j?
7, 11, 97
Let l(f) = f**3 + 8*f**2 - 7*f - 4. Let r be l(-6). Suppose -4*n - 9*v = 7, 0 = 2*n - 2*v - 0*v - 16. Suppose -3*k = -n*k + r. List the prime factors of k.
5, 11
Let p(w) = -2*w**3 + w**2 + 26*w + 15. Let y be p(-10). Suppose -389 - y = -12*n. Let x = -93 + n. What are the prime factors of x?
2, 47
Suppose 0 = 12*d - 17*d + 20. Suppose 2*j = -d*r + 274, 5 + 0 = -j. List the prime factors of r.
71
Let r = -343 - -253. Let j = r + 383. What are the prime factors of j?
293
Let k be (-8)/10*5/(-2). Suppose -4*o + 264 = -2*q, 5 = k*o + 1. Let c = -79 - q. What are the prime factors of c?
7
Let z = -43 - -67. Suppose 3*q - 7*q - z = 0. What are the prime factors of q/21 + (-144)/(-14)?
2, 5
List the prime factors of (209545/(-14))/(3 + 28/(-8)).
5, 5987
Let i(y) = -3*y**2 + 22*y - 2. Let p be i(7). Suppose 2450 = p*d - 3*k - k, 0 = 4*d - 5*k - 1951. List the prime factors of d.
2, 13, 19
Let v = 26914 + 654. List the prime factors of v.
2, 1723
List the prime factors of ((-6)/126*6)/(21/(-5846043)).
2, 39769
Suppose -14*i = -124 + 82. Suppose 2701 + 1052 = i*l. List the prime factors of l.
3, 139
Let n(c) = -c**2 + 6*c + 38. Let r be n(-4). List the prime factors of r/(-6)*(-8 + 3077).
3, 11, 31
Suppose 5*f - 176 = -2*c, -c + 148 = c - 2*f. Suppose 5*w = 972 + c. What are the prime factors of w?
2, 3, 5, 7
What are the prime factors of (60 + 112)*(-1269)/(-4)?
3, 43, 47
What are the prime factors of -1*1/5 - 6404648/(-340)?
3, 7, 13, 23
Let a = 38 - 188. Suppose -5*s = -q - 98, -10*q - 7*s = -7*q + 294. Let j = q - a. What are the prime factors of j?
2, 13
Let l = -156 - -197. Suppose -a + l = -175. What are the prime factors of a?
2, 3
Suppose 14*p = 8936 + 4854. What are the prime factors of 1/(3 + (-2965)/p)*-16?
2, 197
Suppose g - 26 = 3*b, 4*g - 4 = -20. Let n(o) = -13*o + 7. Let y be n(b). Suppose v = -0*v - 5*t + 149, -y = -v - t. What are the prime factors of v?
2, 67
List the prime factors of -94854*((-46)/4 + -66 + 77).
3, 15809
Let y(a) be the second derivative of -10*a**3/3 + 17*a**2 + 64*a. List the prime factors of y(-3).
2, 47
Let a(z) be the third derivative of -z**4/6 + 5*z**3/6 + 27*z**2. Let l be a(-6). Suppose y - 133 = -2*n, -3*y = n - 25 - l. What are the prime factors of n?
3, 23
Suppose 0 = 4*k - 2*n - 38944, -82*k - 2*n - 19470 = -84*k. What are the prime factors of k?
7, 13, 107
Suppose -10562 = -2*s + f, 337*s - 333*s + 4*f = 21148. List the prime factors of s.
3, 587
Let u = -5734 + 19535. List the prime factors of u.
37, 373
Suppose 0 = d - 2*d + 5*g + 1853, g = -5. Let j be (-4)/(-8) + d/8. Let h = -117 + j. What are the prime factors of h?
2, 7
Suppose 117 = -5*x - 413. Let s = x - -158. Suppose 40 + s = 4*d. List the prime factors of d.
23
Suppose -1008 = -3*q + 3*m, 3*m + 342 = 4*q - 3*q. Suppose -u + q + 438 = 2*o, 0 = -5*o - u + 1926. What are the prime factors of o?
5, 7, 11
Suppose -2*u - 2*u + 2820 = 0. Let b(k) = -2*k**3 + 10*k**2 + 29*k - 17. Let v be b(-8). What are the prime factors of 1/(v/u - 2)?
3, 47
Suppose 19 = 4*m + 3. Suppose -3*t = -2*c - 14, 0*t - 6 = 5*t + m*c. Suppose -314 = -3*q + 4*g, 2*q + 3*g = -t*g + 240. List the prime factors of q.
2, 5, 11
Let c = 13298 + -9008. What are the prime factors of c?
2, 3, 5, 11, 13
Let k be 2/7 + (57/21 - -2). Let x = 7 - k. Suppose a - 111 = x*y, 4*a - 106 = 2*y + 326. What are the prime factors of a?
107
Suppose -8*w + 7528 = -28088. List the prime factors of w.
2, 3, 7, 53
Suppose 7142 = 7*i - 4492. Suppose -10*h = -i - 2438. List the prime factors of h.
2, 5, 41
Let g = -19385 + 36946. What are the prime factors of g?
17, 1033
Let v = 7191 - -21644. List the prime factors of v.
5, 73, 79
What are the prime factors of (-3*58/12 + 8 + -3)*-268?
2, 19, 67
Let i be (7/3)/(4/12). Suppose 0 = 3*h + i*h - 190. Suppose 3*r = -10*j + 5*j + h, 2*j = 5*r + 20. What are the prime factors of j?
5
Suppose 90 = -5*p - 0*p. Let v(o) = -o**3 - 17*o**2 + 2*o + 3. Let c be v(p). Let g = 502 - c. What are the prime factors of g?
211
Suppose 17*p + 3*p - 1097306 = -29*p. What are the prime factors of p?
2, 11197
Let n(g) = g**2 - 33*g + 257. Let f be n(12). Suppose l = 4*l, -l = q - 667. Suppose 3*s - 600 - 79 = -f*k, -5*k + q = -s. What are the prime factors of k?
2, 67
Suppose 1643642 + 713818 = 63*f. List the prime factors of f.
2, 5, 1871
Let s = -258 + 264. What are the prime factors of (-47)/(54/(-182) - s/(-39))?
7, 47
Let g = 42482 - 29044. What are the prime factors of g?
2, 6719
What are the prime factors of (2/45)/(79/395) + (-134427)/(-27)?
13, 383
Let t = -19819 + 31225. List the prime factors of t.
2, 3, 1901
What are the prime factors of -6 + (-91730)/(-10) - 2/((-8)/(-12))?
2, 29, 79
Suppose 362*d - 361*d = -8. List the prime factors of (11*(-6)/(-2))/(d/(-424)).
3, 11, 53
Let l(u) = -69*u + 58 + 108 + 66*u + 86. List the prime factors of l(-35).
3, 7, 17
Suppose -4531427 - 591338 = -23*a - 212*a. List the prime factors of a.
21799
Let v(r) = r**2 + r + 15. Let c be v(0). Suppose c*d - 16*d + 119 = 0. Suppose 5*p = d + 671. List the prime factors of p.
2, 79
Suppose 0 = -4*k + 3*k - 1. Let m be 2/9 - 61*k/9. Suppose 4*y - 442 = -m*i + 4*i, -556 = -4*i + 3*y. List the prime factors of i.
2, 71
Let w(p) = 44*p**2 + 130*p - 119. List the prime factors of w(19).
5, 7, 521
Let c(q) = -q**2 - 8*q + 30. Let p be c(-10). Suppose d + 3 = p. Suppose -15*u + d*u + 544 = 0. List the prime factors of u.
2, 17
Let a(z) = -6*z - 74. Let d(m) = -2*m - 19. Let c(y) = -2*a(y) + 9*d(y). What are the prime factors of c(-26)?
7, 19
Suppose -2*a - 5*n = -a + 44, 5*a + 2*n = -128. Suppose -4*m + m = -126. What are the prime factors of (2/3 + a/(-36))*m?
2, 7
Let a(n) = 125*n**2 - 26*n + 551. List the prime factors of a(13).
2, 47, 227
Let y(l) be the second derivative of 131*l**3/3 + 193*l**2/2 + 254*l. List the prime factors of y(3).
11, 89
Suppose 3*i + i = 120. Suppose -3*x - 12*x + i = 0. Suppose -x*s = -5*y + 1182, -y - 3*s = -7*s - 240. List the prime factors of y.
2, 59
Suppose 5*a = 2*z + 25, 0*a - 4*a + 27 = -3*z. Suppose -a*m + 36 = 36. Let c(y) = y**2 + 3*y + 75. What are the prime factors of c(m)?
3, 5
Suppose 0 = -4*w + 3*f + 32 - 10, -3*f - 2 = w. Suppose w*a - 8*a = 20, -v - a + 225 = 0. What are the prime factors of v?
2, 5, 23
Let u(j) be the second derivative of j**5/20 + 11*j**4/6 + 5*j**3/3 + 